{"id":416,"date":"2021-01-20T15:55:46","date_gmt":"2021-01-20T13:55:46","guid":{"rendered":"https:\/\/henkilostopalvelut.avertas.fi\/?page_id=416"},"modified":"2024-05-21T15:07:47","modified_gmt":"2024-05-21T12:07:47","slug":"yhteystiedot2","status":"publish","type":"page","link":"https:\/\/henkilostopalvelut.avertas.fi\/?page_id=416","title":{"rendered":"Yhteystiedot"},"content":{"rendered":"\n<h2 class=\"wp-block-heading has-text-align-center\" id=\"sijainti\">Sijainti<\/h2>\n\n\n\n<p><\/p>\n\n\n<div class=\"wp-block-image\">\n<figure class=\"aligncenter size-large is-resized\"><a href=\"https:\/\/henkilostopalvelut.avertas.fi\/wp-content\/uploads\/2024\/05\/nettisivut.png\"><img loading=\"lazy\" decoding=\"async\" width=\"1024\" height=\"544\" src=\"https:\/\/henkilostopalvelut.avertas.fi\/wp-content\/uploads\/2024\/05\/nettisivut-1024x544.png\" alt=\"\" class=\"wp-image-1663\" style=\"width:860px;height:auto\" srcset=\"https:\/\/henkilostopalvelut.avertas.fi\/wp-content\/uploads\/2024\/05\/nettisivut-1024x544.png 1024w, https:\/\/henkilostopalvelut.avertas.fi\/wp-content\/uploads\/2024\/05\/nettisivut-300x159.png 300w, https:\/\/henkilostopalvelut.avertas.fi\/wp-content\/uploads\/2024\/05\/nettisivut-768x408.png 768w, https:\/\/henkilostopalvelut.avertas.fi\/wp-content\/uploads\/2024\/05\/nettisivut.png 1032w\" sizes=\"(max-width: 1024px) 100vw, 1024px\" \/><\/a><\/figure><\/div>\n\n\n<p class=\"has-text-align-center\">Viihtyis\u00e4 toimistomme sijaitsee Turun ydinkeskustassa rakennuksen ylimm\u00e4ss\u00e4 kerroksessa <\/p>\n\n\n\n<p class=\"has-text-align-center\"><strong>OSOITE Kristiinankatu 5 B, 20100<\/strong><\/p>\n\n\n\n<p class=\"has-text-align-center\">Olemme p\u00e4\u00e4s\u00e4\u00e4nt\u00f6isesti paikalla aina arkisin klo 8-16, mutta soitathan meille ennen kuin tulet k\u00e4ym\u00e4\u00e4n.<\/p>\n\n\n\n<div style=\"height:20px\" aria-hidden=\"true\" class=\"wp-block-spacer\"><\/div>\n\n\n\n<figure><iframe loading=\"lazy\" src=\"https:\/\/www.google.com\/maps\/embed?pb=!1m18!1m12!1m3!1d1967.7655794041918!2d22.262593516028303!3d60.44908538206454!2m3!1f0!2f0!3f0!3m2!1i1024!2i768!4f13.1!3m3!1m2!1s0x468c76fc03d4a903%3A0x79f759ae449f1a1!2sKristiinankatu%205%2C%2020100%20Turku!5e0!3m2!1sfi!2sfi!4v1611139261975!5m2!1sfi!2sfi\" width=\"100%\" height=\"300\" allowfullscreen=\"\"><\/iframe><\/figure>\n\n\n\n<div style=\"height:20px\" aria-hidden=\"true\" class=\"wp-block-spacer\"><\/div>\n\n\n\n<div class=\"wp-block-columns is-layout-flex wp-container-core-columns-is-layout-3 wp-block-columns-is-layout-flex\">\n<div class=\"wp-block-column is-layout-flow wp-block-column-is-layout-flow\" style=\"flex-basis:100%\">\n<div class=\"wp-block-columns has-2-columns is-layout-flex wp-container-core-columns-is-layout-2 wp-block-columns-is-layout-flex\">\n<div class=\"wp-block-column is-layout-flow wp-block-column-is-layout-flow\">\n<div class=\"wp-block-columns has-2-columns is-layout-flex wp-container-core-columns-is-layout-1 wp-block-columns-is-layout-flex\">\n<div class=\"wp-block-column is-layout-flow wp-block-column-is-layout-flow\">\n<div class=\"wp-block-group\"><div class=\"wp-block-group__inner-container is-layout-constrained wp-block-group-is-layout-constrained\">\n<p class=\"has-text-align-left\">Rami Saari<br>toimitusjohtaja \/ Managing director<br>050 372 6233<br>rami.saari ( a ) avertas.fi<\/p>\n\n\n\n<p class=\"has-text-align-left\">Sofia Saari<br>somevastaava \/ Web pages<br>0451295934<\/p>\n<\/div><\/div>\n<\/div>\n<\/div>\n<\/div>\n<\/div>\n<\/div>\n<\/div>\n\n\n<div class=\"wp-block-image\">\n<figure class=\"aligncenter is-resized\"><a href=\"https:\/\/instagram.com\/avertas_henkilostopalvelut?igshid=17idgbdevea6g\" target=\"_blank\" rel=\"noreferrer noopener\"><img decoding=\"async\" src=\"https:\/\/henkilostopalvelut.avertas.fi\/wp-content\/uploads\/2021\/01\/300px-Instagram_logo_2016.jpg\" alt=\"T\u00e4m\u00e4n kuvan alt-attribuutti on tyhj\u00e4; Tiedoston nimi on 300px-Instagram_logo_2016.jpg\" style=\"width:40px;height:40px\"\/><\/a><\/figure><\/div>\n\n<div class=\"wp-block-image\">\n<figure class=\"aligncenter is-resized\"><a href=\"https:\/\/linkedin.com\/company\/avertashenkilostopalvelut\" target=\"_blank\" rel=\"noreferrer noopener\"><img decoding=\"async\" src=\"https:\/\/henkilostopalvelut.avertas.fi\/wp-content\/uploads\/2021\/01\/Linkedin-Logo-700x394-2.png\" alt=\"T\u00e4m\u00e4n kuvan alt-attribuutti on tyhj\u00e4; Tiedoston nimi on Linkedin-Logo-700x394-2.png\" style=\"width:81px;height:46px\"\/><\/a><\/figure><\/div>\n\n<div class=\"wp-block-image\">\n<figure class=\"aligncenter is-resized\"><a href=\"https:\/\/www.facebook.com\/avertashenkilostopalvelut\/\" target=\"_blank\" rel=\"noreferrer noopener\"><img loading=\"lazy\" decoding=\"async\" width=\"1024\" height=\"918\" src=\"https:\/\/henkilostopalvelut.avertas.fi\/wp-content\/uploads\/2021\/06\/Facebook-logo-1024x918.png\" alt=\"\" class=\"wp-image-955\" style=\"width:74px;height:66px\" srcset=\"https:\/\/henkilostopalvelut.avertas.fi\/wp-content\/uploads\/2021\/06\/Facebook-logo-1024x918.png 1024w, https:\/\/henkilostopalvelut.avertas.fi\/wp-content\/uploads\/2021\/06\/Facebook-logo-300x269.png 300w, https:\/\/henkilostopalvelut.avertas.fi\/wp-content\/uploads\/2021\/06\/Facebook-logo-768x689.png 768w, https:\/\/henkilostopalvelut.avertas.fi\/wp-content\/uploads\/2021\/06\/Facebook-logo.png 1403w\" sizes=\"(max-width: 1024px) 100vw, 1024px\" \/><\/a><\/figure><\/div>\n\n<p><!--EndFragment--><\/p>","protected":false},"excerpt":{"rendered":"<p>Sijainti Viihtyis\u00e4 toimistomme sijaitsee Turun ydinkeskustassa rakennuksen ylimm\u00e4ss\u00e4 kerroksessa OSOITE Kristiinankatu 5 B, 20100 Olemme p\u00e4\u00e4s\u00e4\u00e4nt\u00f6isesti paikalla aina arkisin klo 8-16, mutta soitathan meille ennen kuin tulet k\u00e4ym\u00e4\u00e4n. Rami Saaritoimitusjohtaja \/ Managing director050 372 6233rami.saari ( a ) avertas.fi Sofia Saarisomevastaava \/ Web pages0451295934<\/p>\n","protected":false},"author":2,"featured_media":0,"parent":0,"menu_order":0,"comment_status":"closed","ping_status":"closed","template":"","meta":{"footnotes":""},"_links":{"self":[{"href":"https:\/\/henkilostopalvelut.avertas.fi\/index.php?rest_route=\/wp\/v2\/pages\/416"}],"collection":[{"href":"https:\/\/henkilostopalvelut.avertas.fi\/index.php?rest_route=\/wp\/v2\/pages"}],"about":[{"href":"https:\/\/henkilostopalvelut.avertas.fi\/index.php?rest_route=\/wp\/v2\/types\/page"}],"author":[{"embeddable":true,"href":"https:\/\/henkilostopalvelut.avertas.fi\/index.php?rest_route=\/wp\/v2\/users\/2"}],"replies":[{"embeddable":true,"href":"https:\/\/henkilostopalvelut.avertas.fi\/index.php?rest_route=%2Fwp%2Fv2%2Fcomments&post=416"}],"version-history":[{"count":171,"href":"https:\/\/henkilostopalvelut.avertas.fi\/index.php?rest_route=\/wp\/v2\/pages\/416\/revisions"}],"predecessor-version":[{"id":1666,"href":"https:\/\/henkilostopalvelut.avertas.fi\/index.php?rest_route=\/wp\/v2\/pages\/416\/revisions\/1666"}],"wp:attachment":[{"href":"https:\/\/henkilostopalvelut.avertas.fi\/index.php?rest_route=%2Fwp%2Fv2%2Fmedia&parent=416"}],"curies":[{"name":"wp","href":"https:\/\/api.w.org\/{rel}","templated":true}]}}